{"id":10213,"date":"2026-02-28T20:46:18","date_gmt":"2026-02-28T20:46:18","guid":{"rendered":"https:\/\/www.webwork-tracker.com\/blog\/time-tracking-productivity-francais"},"modified":"2026-03-02T22:01:14","modified_gmt":"2026-03-02T22:01:14","slug":"time-tracking-productivity-francais","status":"publish","type":"page","link":"https:\/\/www.webwork-tracker.com\/blog\/fr","title":{"rendered":"Gestion du Temps &amp; Productivit\u00e9"},"content":{"rendered":"","protected":false},"excerpt":{"rendered":"","protected":false},"author":1,"featured_media":0,"parent":0,"menu_order":0,"comment_status":"closed","ping_status":"closed","template":"page-templates\/home.php","meta":{"inline_featured_image":false,"footnotes":""},"class_list":["post-10213","page","type-page","status-publish","hentry"],"yoast_head":"<!-- This site is optimized with the Yoast SEO Premium plugin v27.3 (Yoast SEO v27.3) - https:\/\/yoast.com\/product\/yoast-seo-premium-wordpress\/ -->\n<title>Gestion du Temps &amp; Productivit\u00e9 &#8211; WebWork Blog<\/title>\n<meta name=\"description\" content=\"Apprenez \u00e0 b\u00e2tir des \u00e9quipes plus productives, transparentes et mieux g\u00e9r\u00e9es. Pour les \u00e9quipes \u00e0 distance, agences et entreprises en croissance.\" \/>\n<meta name=\"robots\" content=\"index, follow, max-snippet:-1, max-image-preview:large, max-video-preview:-1\" \/>\n<link rel=\"canonical\" href=\"https:\/\/www.webwork-tracker.com\/blog\/fr\" \/>\n<meta property=\"og:locale\" content=\"en_US\" \/>\n<meta property=\"og:type\" content=\"article\" \/>\n<meta property=\"og:title\" content=\"Gestion du Temps &amp; Productivit\u00e9\" \/>\n<meta property=\"og:description\" content=\"Apprenez \u00e0 b\u00e2tir des \u00e9quipes plus productives, transparentes et mieux g\u00e9r\u00e9es. Pour les \u00e9quipes \u00e0 distance, agences et entreprises en croissance.\" \/>\n<meta property=\"og:url\" content=\"https:\/\/www.webwork-tracker.com\/blog\/fr\" \/>\n<meta property=\"og:site_name\" content=\"WebWork Time Tracker\" \/>\n<meta property=\"article:publisher\" content=\"https:\/\/www.facebook.com\/webwork.tracker\/\" \/>\n<meta property=\"article:modified_time\" content=\"2026-03-02T22:01:14+00:00\" \/>\n<meta property=\"og:image\" content=\"https:\/\/www.webwork-tracker.com\/blog\/wp-content\/uploads\/2025\/02\/WW-OG-image-09-09-1-scaled.webp\" \/>\n\t<meta property=\"og:image:width\" content=\"2048\" \/>\n\t<meta property=\"og:image:height\" content=\"1152\" \/>\n\t<meta property=\"og:image:type\" content=\"image\/webp\" \/>\n<meta name=\"twitter:card\" content=\"summary_large_image\" \/>\n<meta name=\"twitter:site\" content=\"@WebWork_Tracker\" \/>\n<script type=\"application\/ld+json\" class=\"yoast-schema-graph\">{\"@context\":\"https:\\\/\\\/schema.org\",\"@graph\":[{\"@type\":\"WebPage\",\"@id\":\"https:\\\/\\\/www.webwork-tracker.com\\\/blog\\\/fr\",\"url\":\"https:\\\/\\\/www.webwork-tracker.com\\\/blog\\\/fr\",\"name\":\"Gestion du Temps & Productivit\u00e9 \u2013 WebWork Blog\",\"isPartOf\":{\"@id\":\"https:\\\/\\\/www.webwork-tracker.com#website\"},\"datePublished\":\"2026-02-28T20:46:18+00:00\",\"dateModified\":\"2026-03-02T22:01:14+00:00\",\"description\":\"Apprenez \u00e0 b\u00e2tir des \u00e9quipes plus productives, transparentes et mieux g\u00e9r\u00e9es. Pour les \u00e9quipes \u00e0 distance, agences et entreprises en croissance.\",\"breadcrumb\":{\"@id\":\"https:\\\/\\\/www.webwork-tracker.com\\\/blog\\\/fr#breadcrumb\"},\"inLanguage\":\"en-US\",\"potentialAction\":[{\"@type\":\"ReadAction\",\"target\":[\"https:\\\/\\\/www.webwork-tracker.com\\\/blog\\\/fr\"]}]},{\"@type\":\"BreadcrumbList\",\"@id\":\"https:\\\/\\\/www.webwork-tracker.com\\\/blog\\\/fr#breadcrumb\",\"itemListElement\":[{\"@type\":\"ListItem\",\"position\":1,\"name\":\"Home\",\"item\":\"https:\\\/\\\/www.webwork-tracker.com\"},{\"@type\":\"ListItem\",\"position\":2,\"name\":\"Blog\",\"item\":\"https:\\\/\\\/www.webwork-tracker.com\\\/blog\"},{\"@type\":\"ListItem\",\"position\":3,\"name\":\"Gestion du Temps &amp; Productivit\u00e9\"}]}]}<\/script>\n<!-- \/ Yoast SEO Premium plugin. -->","yoast_head_json":{"title":"Gestion du Temps &amp; Productivit\u00e9 &#8211; WebWork Blog","description":"Apprenez \u00e0 b\u00e2tir des \u00e9quipes plus productives, transparentes et mieux g\u00e9r\u00e9es. Pour les \u00e9quipes \u00e0 distance, agences et entreprises en croissance.","robots":{"index":"index","follow":"follow","max-snippet":"max-snippet:-1","max-image-preview":"max-image-preview:large","max-video-preview":"max-video-preview:-1"},"canonical":"https:\/\/www.webwork-tracker.com\/blog\/fr","og_locale":"en_US","og_type":"article","og_title":"Gestion du Temps &amp; Productivit\u00e9","og_description":"Apprenez \u00e0 b\u00e2tir des \u00e9quipes plus productives, transparentes et mieux g\u00e9r\u00e9es. Pour les \u00e9quipes \u00e0 distance, agences et entreprises en croissance.","og_url":"https:\/\/www.webwork-tracker.com\/blog\/fr","og_site_name":"WebWork Time Tracker","article_publisher":"https:\/\/www.facebook.com\/webwork.tracker\/","article_modified_time":"2026-03-02T22:01:14+00:00","og_image":[{"width":2048,"height":1152,"url":"https:\/\/www.webwork-tracker.com\/blog\/wp-content\/uploads\/2025\/02\/WW-OG-image-09-09-1-scaled.webp","type":"image\/webp"}],"twitter_card":"summary_large_image","twitter_site":"@WebWork_Tracker","schema":{"@context":"https:\/\/schema.org","@graph":[{"@type":"WebPage","@id":"https:\/\/www.webwork-tracker.com\/blog\/fr","url":"https:\/\/www.webwork-tracker.com\/blog\/fr","name":"Gestion du Temps & Productivit\u00e9 \u2013 WebWork Blog","isPartOf":{"@id":"https:\/\/www.webwork-tracker.com#website"},"datePublished":"2026-02-28T20:46:18+00:00","dateModified":"2026-03-02T22:01:14+00:00","description":"Apprenez \u00e0 b\u00e2tir des \u00e9quipes plus productives, transparentes et mieux g\u00e9r\u00e9es. Pour les \u00e9quipes \u00e0 distance, agences et entreprises en croissance.","breadcrumb":{"@id":"https:\/\/www.webwork-tracker.com\/blog\/fr#breadcrumb"},"inLanguage":"en-US","potentialAction":[{"@type":"ReadAction","target":["https:\/\/www.webwork-tracker.com\/blog\/fr"]}]},{"@type":"BreadcrumbList","@id":"https:\/\/www.webwork-tracker.com\/blog\/fr#breadcrumb","itemListElement":[{"@type":"ListItem","position":1,"name":"Home","item":"https:\/\/www.webwork-tracker.com"},{"@type":"ListItem","position":2,"name":"Blog","item":"https:\/\/www.webwork-tracker.com\/blog"},{"@type":"ListItem","position":3,"name":"Gestion du Temps &amp; Productivit\u00e9"}]}]}},"_links":{"self":[{"href":"https:\/\/www.webwork-tracker.com\/blog\/wp-json\/wp\/v2\/pages\/10213","targetHints":{"allow":["GET"]}}],"collection":[{"href":"https:\/\/www.webwork-tracker.com\/blog\/wp-json\/wp\/v2\/pages"}],"about":[{"href":"https:\/\/www.webwork-tracker.com\/blog\/wp-json\/wp\/v2\/types\/page"}],"author":[{"embeddable":true,"href":"https:\/\/www.webwork-tracker.com\/blog\/wp-json\/wp\/v2\/users\/1"}],"replies":[{"embeddable":true,"href":"https:\/\/www.webwork-tracker.com\/blog\/wp-json\/wp\/v2\/comments?post=10213"}],"version-history":[{"count":2,"href":"https:\/\/www.webwork-tracker.com\/blog\/wp-json\/wp\/v2\/pages\/10213\/revisions"}],"predecessor-version":[{"id":12854,"href":"https:\/\/www.webwork-tracker.com\/blog\/wp-json\/wp\/v2\/pages\/10213\/revisions\/12854"}],"wp:attachment":[{"href":"https:\/\/www.webwork-tracker.com\/blog\/wp-json\/wp\/v2\/media?parent=10213"}],"curies":[{"name":"wp","href":"https:\/\/api.w.org\/{rel}","templated":true}]}}